{"id":146,"date":"2020-01-22T21:08:11","date_gmt":"2020-01-22T21:08:11","guid":{"rendered":"http:\/\/travelchair.de\/?page_id=146"},"modified":"2020-06-22T21:48:33","modified_gmt":"2020-06-22T21:48:33","slug":"kinos","status":"publish","type":"page","link":"https:\/\/travelchair.de\/?page_id=146","title":{"rendered":"Kinos"},"content":{"rendered":"<p>WERBUNG, DA NENNUNG!<\/p>\n<p>&nbsp;<\/p>\n<h1><strong>Cinestar Dortmund<\/strong><\/h1>\n<p>Ein Komplex aus mehreren Kinos\u00e4len, am Nordausgang des Hauptbahnhofes gelegen. Der Haupteingang ist barrierefrei, ebenso der Zugang vom benachbarten Parkhaus. Im Parkhaus sind mehrere Rolli-Parkpl\u00e4tze (nicht kostenfrei) und zwei an dem Vorplatz zum Geb\u00e4ude. Bei Vorlage des Schwerbehindertenausweises mit dem KZ &#8222;B&#8220; hat die Begleitperson freien Eintritt. Die Kinos\u00e4le sind nicht alle barrierefrei erreichbar. Entweder sitzt man ziemlich weit vorne oder auf einem Podest an der Seite, wo die Begleitperson hinter einem sitzt. Die erste Etage erreicht man per Rolltreppe oder Aufzug, die S\u00e4le mit Podest besitzen einen weiteren Aufzug bis dahin. Alle anderen Pl\u00e4tze sind nur per Treppe zu erreichen. Ein rollstuhlgerechtes WC befindet sich in der ersten Etage.<\/p>\n<div class=\"mod\" lang=\"de-DE\" data-attrid=\"kc:\/location\/location:address\" data-md=\"1002\" data-hveid=\"CBAQAQ\" data-ved=\"2ahUKEwju-IDayq7nAhUN3KQKHWc_BjUQkCkwE3oECBAQAQ\">\n<div class=\"Z1hOCe\">\n<div class=\"zloOqf PZPZlf\" data-dtype=\"d3ifr\" data-local-attribute=\"d3adr\" data-ved=\"2ahUKEwju-IDayq7nAhUN3KQKHWc_BjUQghwoADATegQIEBAC\"><span class=\"w8qArf\"><a class=\"fl\" href=\"https:\/\/www.google.com\/search?client=firefox-b-d&amp;q=cinestar+dortmund+adresse&amp;stick=H4sIAAAAAAAAAOPgE-LWT9c3LDczM8lIq9CSzU620s_JT04syczPgzOsElNSilKLixexSiZn5qUWlyQWKaTkF5XklualKCSCpVIB_XIe70oAAAA&amp;ludocid=15921637292421836214&amp;sa=X&amp;ved=2ahUKEwju-IDayq7nAhUN3KQKHWc_BjUQ6BMwE3oECBAQAw\" data-ved=\"2ahUKEwju-IDayq7nAhUN3KQKHWc_BjUQ6BMwE3oECBAQAw\">Adresse<\/a>: <\/span><span class=\"LrzXr\">Steinstra\u00dfe 44, 44147 Dortmund<\/span><\/div>\n<\/div>\n<\/div>\n<div class=\"mod\" lang=\"de-DE\" data-attrid=\"kc:\/collection\/knowledge_panels\/has_phone:phone\" data-md=\"1006\" data-hveid=\"CBAQBA\" data-ved=\"2ahUKEwju-IDayq7nAhUN3KQKHWc_BjUQkCkwFHoECBAQBA\">\n<div class=\"Z1hOCe\">\n<div class=\"zloOqf PZPZlf\" data-dtype=\"d3ifr\" data-local-attribute=\"d3ph\" data-ved=\"2ahUKEwju-IDayq7nAhUN3KQKHWc_BjUQ8I0BKAAwFHoECBAQBQ\"><span class=\"w8qArf\"><a class=\"fl\" href=\"https:\/\/www.google.com\/search?client=firefox-b-d&amp;q=cinestar+dortmund+telefon&amp;ludocid=15921637292421836214&amp;sa=X&amp;ved=2ahUKEwju-IDayq7nAhUN3KQKHWc_BjUQ6BMwFHoECBAQBg\" data-ved=\"2ahUKEwju-IDayq7nAhUN3KQKHWc_BjUQ6BMwFHoECBAQBg\">Telefon<\/a>: <\/span><span class=\"LrzXr zdqRlf kno-fv\"><span data-dtype=\"d3ifr\" data-local-attribute=\"d3ph\">0231 8405401<\/span><\/span><\/div>\n<div data-dtype=\"d3ifr\" data-local-attribute=\"d3ph\" data-ved=\"2ahUKEwju-IDayq7nAhUN3KQKHWc_BjUQ8I0BKAAwFHoECBAQBQ\"><\/div>\n<div data-dtype=\"d3ifr\" data-local-attribute=\"d3ph\" data-ved=\"2ahUKEwju-IDayq7nAhUN3KQKHWc_BjUQ8I0BKAAwFHoECBAQBQ\"><a href=\"https:\/\/www.cinestar.de\/\">https:\/\/www.cinestar.de\/<\/a><\/div>\n<div data-dtype=\"d3ifr\" data-local-attribute=\"d3ph\" data-ved=\"2ahUKEwju-IDayq7nAhUN3KQKHWc_BjUQ8I0BKAAwFHoECBAQBQ\"><\/div>\n<\/div>\n<\/div>\n<p>&nbsp;<\/p>\n<p>1.2020<\/p>\n<h1><strong>Kinorama Unna<\/strong><\/h1>\n<p>Das Kino liegt am Anfang der Fu\u00dfg\u00e4ngerzone, der Eingang ist barrierefrei. Es gibt mehrere Rolli-Parkpl\u00e4tze in der N\u00e4he sowie ein Parkhaus. Gegen Vorlage des Schwerbehindertenausweises bekommt man einen Rabatt, Begleitpersonen zahlen den vollen Preis. An der Kasse kann man seine Pl\u00e4tze selbst ausw\u00e4hlen. Bis auf einen Saal sind alle barrierefrei und haben einen breiten Quergang, so dass man mit dem Rolli gen\u00fcgend Platz hat. Das Personal ist sehr hilfsbereit. Vor kurzem wurden die Toiletten umgebaut, ein rollstuhlgerechtes WC ist vorhanden. Ich pers\u00f6nlich mag dieses kleinere Kino lieber &#8211; nicht nur wegen der besseren Barrierefreiheit, sondern auch wegen der fairen Preise f\u00fcr Snacks und Getr\u00e4nke.<\/p>\n<p>Adresse: Massener Stra\u00dfe 32-38, 59423 Unna<\/p>\n<p>Telefon: (0 23 03) 1 57 28<\/p>\n<p>E-Mail: info@kino-unna.de<\/p>\n<p><a href=\"https:\/\/www.kino-unna.de\/\">https:\/\/www.kino-unna.de\/<\/a><\/p>\n<p>&nbsp;<\/p>\n<h1>sweetSixteen<\/h1>\n<p>Das Kino im Depot. Hier gibt es Filme zu sehen, die in den gro\u00dfen Kinos nicht laufen. Das Kino wird ehrenamtlich gef\u00fchrt und deshalb ist die Filmauswahl sehr individuell. Im Kulturort Depot gelegen, gelangt man barrierefrei zum Eingang. Dort erwartet einen eine kleine Theke mit Getr\u00e4nken und Snacks und eine nostalgische Warteecke. Selbst die Eintrittskarten sind retro. Gegen Vorlage des SBA gibt es Rabatt. In den Kinosaal gelangt man barrierefrei. Auch hier weht der Wind der 60er und70er Jahre: urige Sessel und Lampen, ein Sofa und alte Kinoklappsitze. Mit dem Rolli sitzt man in der ersten Reihe, wobei die Leinwand nicht so hoch h\u00e4ngt, wie in anderen Kinos, und man nicht nach ein paar Minuten eine Genickstarre bekommt. Zu den anderen Sitzpl\u00e4tzen geht es eine Treppe aufw\u00e4rts. Die Toilette am Eingang ist nicht barrierefrei, es gibt ein rollstuhlgerechtes WC auf der anderen Seite des ehemaligen Stra\u00dfenbahndepots. Man muss quasi zum Ausgang und auf der gegen\u00fcberliegenden Seite wieder zur\u00fcck, leider etwas umst\u00e4ndlich.<\/p>\n<p><img loading=\"lazy\" decoding=\"async\" class=\"alignnone size-medium wp-image-351\" src=\"http:\/\/travelchair.de\/wp-content\/uploads\/2020\/03\/20200229_203933-300x225.jpg\" alt=\"\" width=\"300\" height=\"225\" srcset=\"https:\/\/travelchair.de\/wp-content\/uploads\/2020\/03\/20200229_203933-300x225.jpg 300w, https:\/\/travelchair.de\/wp-content\/uploads\/2020\/03\/20200229_203933-768x576.jpg 768w, https:\/\/travelchair.de\/wp-content\/uploads\/2020\/03\/20200229_203933.jpg 800w\" sizes=\"auto, (max-width: 300px) 100vw, 300px\" \/><\/p>\n<p>Depot-Halle<\/p>\n<p><img loading=\"lazy\" decoding=\"async\" class=\"alignnone size-medium wp-image-352\" src=\"http:\/\/travelchair.de\/wp-content\/uploads\/2020\/03\/20200229_204121-300x225.jpg\" alt=\"\" width=\"300\" height=\"225\" srcset=\"https:\/\/travelchair.de\/wp-content\/uploads\/2020\/03\/20200229_204121-300x225.jpg 300w, https:\/\/travelchair.de\/wp-content\/uploads\/2020\/03\/20200229_204121-768x576.jpg 768w, https:\/\/travelchair.de\/wp-content\/uploads\/2020\/03\/20200229_204121.jpg 800w\" sizes=\"auto, (max-width: 300px) 100vw, 300px\" \/><\/p>\n<p>00<\/p>\n<p><img loading=\"lazy\" decoding=\"async\" class=\"alignnone size-medium wp-image-353\" src=\"http:\/\/travelchair.de\/wp-content\/uploads\/2020\/03\/20200229_204137-300x225.jpg\" alt=\"\" width=\"300\" height=\"225\" srcset=\"https:\/\/travelchair.de\/wp-content\/uploads\/2020\/03\/20200229_204137-300x225.jpg 300w, https:\/\/travelchair.de\/wp-content\/uploads\/2020\/03\/20200229_204137-768x576.jpg 768w, https:\/\/travelchair.de\/wp-content\/uploads\/2020\/03\/20200229_204137.jpg 800w\" sizes=\"auto, (max-width: 300px) 100vw, 300px\" \/><\/p>\n<p>sweetSixteen-Kino \/<br \/>\nsweetSixteen-filmclub e.V.<br \/>\nImmermannstr. 29<br \/>\n44147 Dortmund<\/p>\n<p>Tel. 0231 910 66 23<\/p>\n<p><a href=\"mailto:info@sweetSixteen-kino.de\">info@sweetSixteen-kino.de<\/a><\/p>\n<p><a href=\"https:\/\/www.sweetsixteen-kino.de\/\">https:\/\/www.sweetsixteen-kino.de\/<\/a><\/p>\n<p>1.2020<\/p>\n<p>&nbsp;<\/p>\n<h3><strong>Autokino <\/strong><\/h3>\n<p>&nbsp;<\/p>\n<p>Dank Corona sind die Kinos noch geschlossen. Als Alternative bieten sich Autokinos an. Man muss sich nicht gro\u00dfartig aufbrezeln und bringt seine Verpflegung selbst mit. Der Ton kommt \u00fcbers Radio. Die Karten gibt es nur online und werden beim Einlass kontaktlos durch die Scheibe gepr\u00fcft.<\/p>\n<h5><strong>&#8211; Autokino Seilerseebad, Iserlohn<\/strong><\/h5>\n<p>Das Autokino wurde als Ersatz f\u00fcr eine abgesagte Kirmes zeitlich begrenzt eingerichtet.<\/p>\n<p><img loading=\"lazy\" decoding=\"async\" class=\"alignnone size-medium wp-image-556\" src=\"http:\/\/travelchair.de\/wp-content\/uploads\/2020\/06\/admin-ajax.php_-300x300.jpg\" alt=\"\" width=\"300\" height=\"300\" srcset=\"https:\/\/travelchair.de\/wp-content\/uploads\/2020\/06\/admin-ajax.php_-300x300.jpg 300w, https:\/\/travelchair.de\/wp-content\/uploads\/2020\/06\/admin-ajax.php_-150x150.jpg 150w, https:\/\/travelchair.de\/wp-content\/uploads\/2020\/06\/admin-ajax.php_.jpg 400w\" sizes=\"auto, (max-width: 300px) 100vw, 300px\" \/><\/p>\n<p><a href=\"https:\/\/www.seilerseebad.de\/\">https:\/\/www.seilerseebad.de\/<\/a><\/p>\n<h5><strong>&#8211; Autokino Essen<\/strong><\/h5>\n<p>Das Essener Autokino ist eine feste Institution. Die Leinwand ist deutlich gr\u00f6\u00dfer und die Stellpl\u00e4tze sind leicht absch\u00fcssig, so dass man eine gute Sicht hat.<\/p>\n<p><img loading=\"lazy\" decoding=\"async\" class=\"alignnone size-medium wp-image-557\" src=\"http:\/\/travelchair.de\/wp-content\/uploads\/2020\/06\/100105868_2864873306943784_8501009656368332800_o-e1592861702361-218x300.jpg\" alt=\"\" width=\"218\" height=\"300\" srcset=\"https:\/\/travelchair.de\/wp-content\/uploads\/2020\/06\/100105868_2864873306943784_8501009656368332800_o-e1592861702361-218x300.jpg 218w, https:\/\/travelchair.de\/wp-content\/uploads\/2020\/06\/100105868_2864873306943784_8501009656368332800_o-e1592861702361.jpg 614w\" sizes=\"auto, (max-width: 218px) 100vw, 218px\" \/><\/p>\n<p><a href=\"https:\/\/www.essen-autokino.de\/\">https:\/\/www.essen-autokino.de\/<\/a><\/p>\n<h5><strong>&#8211; Autokino Dortmund<\/strong><\/h5>\n<p>Normalerweise findet im Dortmunder Westfalenpark in den Sommermonaten ein Open-Air-Kino statt. Da dieses aufgrund der Corona-Pandemie abgesagt wurde, entstand auf dem Gel\u00e4nde Phoenix-West ein Pop-up-Kino. Die Atmosph\u00e4re ist schon toll, zwischen den alten Industrieanlagen. Hier kann man Getr\u00e4nke und Snacks vorbestellen.<\/p>\n<p><img loading=\"lazy\" decoding=\"async\" class=\"alignnone size-medium wp-image-560\" src=\"http:\/\/travelchair.de\/wp-content\/uploads\/2020\/06\/103485938_2903454363085678_5735229757746508759_o-300x300.jpg\" alt=\"\" width=\"300\" height=\"300\" srcset=\"https:\/\/travelchair.de\/wp-content\/uploads\/2020\/06\/103485938_2903454363085678_5735229757746508759_o-300x300.jpg 300w, https:\/\/travelchair.de\/wp-content\/uploads\/2020\/06\/103485938_2903454363085678_5735229757746508759_o-1024x1024.jpg 1024w, https:\/\/travelchair.de\/wp-content\/uploads\/2020\/06\/103485938_2903454363085678_5735229757746508759_o-150x150.jpg 150w, https:\/\/travelchair.de\/wp-content\/uploads\/2020\/06\/103485938_2903454363085678_5735229757746508759_o-768x768.jpg 768w, https:\/\/travelchair.de\/wp-content\/uploads\/2020\/06\/103485938_2903454363085678_5735229757746508759_o.jpg 1080w\" sizes=\"auto, (max-width: 300px) 100vw, 300px\" \/><\/p>\n<p><img loading=\"lazy\" decoding=\"async\" class=\"alignnone size-medium wp-image-561\" src=\"http:\/\/travelchair.de\/wp-content\/uploads\/2020\/06\/103697078_2903454216419026_7837538014770990997_o-300x300.jpg\" alt=\"\" width=\"300\" height=\"300\" srcset=\"https:\/\/travelchair.de\/wp-content\/uploads\/2020\/06\/103697078_2903454216419026_7837538014770990997_o-300x300.jpg 300w, https:\/\/travelchair.de\/wp-content\/uploads\/2020\/06\/103697078_2903454216419026_7837538014770990997_o-1024x1024.jpg 1024w, https:\/\/travelchair.de\/wp-content\/uploads\/2020\/06\/103697078_2903454216419026_7837538014770990997_o-150x150.jpg 150w, https:\/\/travelchair.de\/wp-content\/uploads\/2020\/06\/103697078_2903454216419026_7837538014770990997_o-768x768.jpg 768w, https:\/\/travelchair.de\/wp-content\/uploads\/2020\/06\/103697078_2903454216419026_7837538014770990997_o.jpg 1080w\" sizes=\"auto, (max-width: 300px) 100vw, 300px\" \/><\/p>\n<p><img loading=\"lazy\" decoding=\"async\" class=\"alignnone size-medium wp-image-562\" src=\"http:\/\/travelchair.de\/wp-content\/uploads\/2020\/06\/103889489_2903454413085673_6866959679256805135_o-300x300.jpg\" alt=\"\" width=\"300\" height=\"300\" srcset=\"https:\/\/travelchair.de\/wp-content\/uploads\/2020\/06\/103889489_2903454413085673_6866959679256805135_o-300x300.jpg 300w, https:\/\/travelchair.de\/wp-content\/uploads\/2020\/06\/103889489_2903454413085673_6866959679256805135_o-1024x1024.jpg 1024w, https:\/\/travelchair.de\/wp-content\/uploads\/2020\/06\/103889489_2903454413085673_6866959679256805135_o-150x150.jpg 150w, https:\/\/travelchair.de\/wp-content\/uploads\/2020\/06\/103889489_2903454413085673_6866959679256805135_o-768x768.jpg 768w, https:\/\/travelchair.de\/wp-content\/uploads\/2020\/06\/103889489_2903454413085673_6866959679256805135_o.jpg 1080w\" sizes=\"auto, (max-width: 300px) 100vw, 300px\" \/><\/p>\n<p><img loading=\"lazy\" decoding=\"async\" class=\"alignnone size-medium wp-image-559\" src=\"http:\/\/travelchair.de\/wp-content\/uploads\/2020\/06\/101070783_2881331678631280_7164138563649404928_n-300x225.jpg\" alt=\"\" width=\"300\" height=\"225\" srcset=\"https:\/\/travelchair.de\/wp-content\/uploads\/2020\/06\/101070783_2881331678631280_7164138563649404928_n-300x225.jpg 300w, https:\/\/travelchair.de\/wp-content\/uploads\/2020\/06\/101070783_2881331678631280_7164138563649404928_n-768x576.jpg 768w, https:\/\/travelchair.de\/wp-content\/uploads\/2020\/06\/101070783_2881331678631280_7164138563649404928_n.jpg 960w\" sizes=\"auto, (max-width: 300px) 100vw, 300px\" \/><\/p>\n<p>&nbsp;<\/p>\n<p><a href=\"https:\/\/autokino-dortmund.de\/\">https:\/\/autokino-dortmund.de\/<\/a><\/p>\n<p>06.2020<\/p>\n<p>&nbsp;<\/p>\n<div class=\"pvc_clear\"><\/div>\n<p id=\"pvc_stats_146\" class=\"pvc_stats all  \" data-element-id=\"146\" style=\"\"><i class=\"pvc-stats-icon medium\" aria-hidden=\"true\"><svg aria-hidden=\"true\" focusable=\"false\" data-prefix=\"far\" data-icon=\"chart-bar\" role=\"img\" xmlns=\"http:\/\/www.w3.org\/2000\/svg\" viewBox=\"0 0 512 512\" class=\"svg-inline--fa fa-chart-bar fa-w-16 fa-2x\"><path fill=\"currentColor\" d=\"M396.8 352h22.4c6.4 0 12.8-6.4 12.8-12.8V108.8c0-6.4-6.4-12.8-12.8-12.8h-22.4c-6.4 0-12.8 6.4-12.8 12.8v230.4c0 6.4 6.4 12.8 12.8 12.8zm-192 0h22.4c6.4 0 12.8-6.4 12.8-12.8V140.8c0-6.4-6.4-12.8-12.8-12.8h-22.4c-6.4 0-12.8 6.4-12.8 12.8v198.4c0 6.4 6.4 12.8 12.8 12.8zm96 0h22.4c6.4 0 12.8-6.4 12.8-12.8V204.8c0-6.4-6.4-12.8-12.8-12.8h-22.4c-6.4 0-12.8 6.4-12.8 12.8v134.4c0 6.4 6.4 12.8 12.8 12.8zM496 400H48V80c0-8.84-7.16-16-16-16H16C7.16 64 0 71.16 0 80v336c0 17.67 14.33 32 32 32h464c8.84 0 16-7.16 16-16v-16c0-8.84-7.16-16-16-16zm-387.2-48h22.4c6.4 0 12.8-6.4 12.8-12.8v-70.4c0-6.4-6.4-12.8-12.8-12.8h-22.4c-6.4 0-12.8 6.4-12.8 12.8v70.4c0 6.4 6.4 12.8 12.8 12.8z\" class=\"\"><\/path><\/svg><\/i> <img loading=\"lazy\" decoding=\"async\" width=\"16\" height=\"16\" alt=\"Loading\" src=\"https:\/\/travelchair.de\/wp-content\/plugins\/page-views-count\/ajax-loader-2x.gif\" border=0 \/><\/p>\n<div class=\"pvc_clear\"><\/div>\n","protected":false},"excerpt":{"rendered":"<p>WERBUNG, DA NENNUNG! &nbsp; Cinestar Dortmund Ein Komplex aus mehreren Kinos\u00e4len, am Nordausgang des Hauptbahnhofes gelegen. Der Haupteingang ist barrierefrei, ebenso der Zugang vom benachbarten Parkhaus. Im Parkhaus sind mehrere Rolli-Parkpl\u00e4tze (nicht kostenfrei) und zwei an dem Vorplatz zum Geb\u00e4ude. Bei Vorlage des Schwerbehindertenausweises mit dem KZ &#8222;B&#8220; hat die Begleitperson freien Eintritt. Die Kinos\u00e4le &hellip; <a href=\"https:\/\/travelchair.de\/?page_id=146\" class=\"more-link\"><span class=\"screen-reader-text\">Kinos<\/span> weiterlesen <span class=\"meta-nav\">&rarr;<\/span><\/a><\/p>\n<div class=\"pvc_clear\"><\/div>\n<p id=\"pvc_stats_146\" class=\"pvc_stats all  \" data-element-id=\"146\" style=\"\"><i class=\"pvc-stats-icon medium\" aria-hidden=\"true\"><svg aria-hidden=\"true\" focusable=\"false\" data-prefix=\"far\" data-icon=\"chart-bar\" role=\"img\" xmlns=\"http:\/\/www.w3.org\/2000\/svg\" viewBox=\"0 0 512 512\" class=\"svg-inline--fa fa-chart-bar fa-w-16 fa-2x\"><path fill=\"currentColor\" d=\"M396.8 352h22.4c6.4 0 12.8-6.4 12.8-12.8V108.8c0-6.4-6.4-12.8-12.8-12.8h-22.4c-6.4 0-12.8 6.4-12.8 12.8v230.4c0 6.4 6.4 12.8 12.8 12.8zm-192 0h22.4c6.4 0 12.8-6.4 12.8-12.8V140.8c0-6.4-6.4-12.8-12.8-12.8h-22.4c-6.4 0-12.8 6.4-12.8 12.8v198.4c0 6.4 6.4 12.8 12.8 12.8zm96 0h22.4c6.4 0 12.8-6.4 12.8-12.8V204.8c0-6.4-6.4-12.8-12.8-12.8h-22.4c-6.4 0-12.8 6.4-12.8 12.8v134.4c0 6.4 6.4 12.8 12.8 12.8zM496 400H48V80c0-8.84-7.16-16-16-16H16C7.16 64 0 71.16 0 80v336c0 17.67 14.33 32 32 32h464c8.84 0 16-7.16 16-16v-16c0-8.84-7.16-16-16-16zm-387.2-48h22.4c6.4 0 12.8-6.4 12.8-12.8v-70.4c0-6.4-6.4-12.8-12.8-12.8h-22.4c-6.4 0-12.8 6.4-12.8 12.8v70.4c0 6.4 6.4 12.8 12.8 12.8z\" class=\"\"><\/path><\/svg><\/i> <img loading=\"lazy\" decoding=\"async\" width=\"16\" height=\"16\" alt=\"Loading\" src=\"https:\/\/travelchair.de\/wp-content\/plugins\/page-views-count\/ajax-loader-2x.gif\" border=0 \/><\/p>\n<div class=\"pvc_clear\"><\/div>\n","protected":false},"author":1,"featured_media":0,"parent":0,"menu_order":0,"comment_status":"closed","ping_status":"closed","template":"","meta":{"footnotes":""},"class_list":["post-146","page","type-page","status-publish","hentry"],"a3_pvc":{"activated":true,"total_views":529,"today_views":0},"_links":{"self":[{"href":"https:\/\/travelchair.de\/index.php?rest_route=\/wp\/v2\/pages\/146","targetHints":{"allow":["GET"]}}],"collection":[{"href":"https:\/\/travelchair.de\/index.php?rest_route=\/wp\/v2\/pages"}],"about":[{"href":"https:\/\/travelchair.de\/index.php?rest_route=\/wp\/v2\/types\/page"}],"author":[{"embeddable":true,"href":"https:\/\/travelchair.de\/index.php?rest_route=\/wp\/v2\/users\/1"}],"replies":[{"embeddable":true,"href":"https:\/\/travelchair.de\/index.php?rest_route=%2Fwp%2Fv2%2Fcomments&post=146"}],"version-history":[{"count":15,"href":"https:\/\/travelchair.de\/index.php?rest_route=\/wp\/v2\/pages\/146\/revisions"}],"predecessor-version":[{"id":167,"href":"https:\/\/travelchair.de\/index.php?rest_route=\/wp\/v2\/pages\/146\/revisions\/167"}],"wp:attachment":[{"href":"https:\/\/travelchair.de\/index.php?rest_route=%2Fwp%2Fv2%2Fmedia&parent=146"}],"curies":[{"name":"wp","href":"https:\/\/api.w.org\/{rel}","templated":true}]}}